?
2, 167, 409
List the prime factors of 10079.
10079
List the prime factors of 3887.
13, 23
What are the prime factors of 768?
2, 3
List the prime factors of 964.
2, 241
List the prime factors of 903.
3, 7, 43
List the prime factors of 2237.
2237
What are the prime factors of 29512?
2, 7, 17, 31
What are the prime factors of 19545?
3, 5, 1303
What are the prime factors of 1815?
3, 5, 11
What are the prime factors of 3337?
47, 71
List the prime factors of 25805.
5, 13, 397
List the prime factors of 211.
211
List the prime factors of 1007.
19, 53
List the prime factors of 697.
17, 41
What are the prime factors of 98?
2, 7
List the prime factors of 19265.
5, 3853
What are the prime factors of 23019?
3, 7673
What are the prime factors of 44677?
43, 1039
List the prime factors of 34549.
34549
List the prime factors of 26542.
2, 23, 577
What are the prime factors of 22121?
11, 2011
List the prime factors of 54995.
5, 17, 647
List the prime factors of 47511.
3, 5279
List the prime factors of 422.
2, 211
List the prime factors of 1727.
11, 157
What are the prime factors of 21629?
43, 503
List the prime factors of 77199.
3, 25733
What are the prime factors of 9326?
2, 4663
What are the prime factors of 10302?
2, 3, 17, 101
What are the prime factors of 18337?
11, 1667
What are the prime factors of 28272?
2, 3, 19, 31
List the prime factors of 23422.
2, 7, 239
What are the prime factors of 39181?
39181
List the prime factors of 599.
599
List the prime factors of 829.
829
List the prime factors of 45019.
13, 3463
What are the prime factors of 20865?
3, 5, 13, 107
What are the prime factors of 52?
2, 13
What are the prime factors of 16066?
2, 29, 277
List the prime factors of 657.
3, 73
List the prime factors of 2381.
2381
What are the prime factors of 91733?
91733
List the prime factors of 1490.
2, 5, 149
List the prime factors of 10955.
5, 7, 313
List the prime factors of 6811.
7, 139
What are the prime factors of 1144?
2, 11, 13
What are the prime factors of 379?
379
What are the prime factors of 13384?
2, 7, 239
List the prime factors of 16927.
16927
List the prime factors of 72892.
2, 18223
List the prime factors of 1027.
13, 79
What are the prime factors of 77935?
5, 11, 13, 109
What are the prime factors of 14560?
2, 5, 7, 13
List the prime factors of 12640.
2, 5, 79
What are the prime factors of 452?
2, 113
List the prime factors of 51321.
3, 17107
List the prime factors of 18644.
2, 59, 79
What are the prime factors of 1973?
1973
What are the prime factors of 2804?
2, 701
What are the prime factors of 6270?
2, 3, 5, 11, 19
What are the prime factors of 75003?
3, 23, 1087
What are the prime factors of 39648?
2, 3, 7, 59
What are the prime factors of 417?
3, 139
List the prime factors of 25635.
3, 5, 1709
What are the prime factors of 457?
457
List the prime factors of 14929.
14929
What are the prime factors of 617?
617
List the prime factors of 1403.
23, 61
List the prime factors of 880.
2, 5, 11
What are the prime factors of 21725?
5, 11, 79
List the prime factors of 2515.
5, 503
List the prime factors of 58.
2, 29
What are the prime factors of 15285?
3, 5, 1019
List the prime factors of 1001.
7, 11, 13
List the prime factors of 306.
2, 3, 17
What are the prime factors of 28461?
3, 53, 179
List the prime factors of 997.
997
What are the prime factors of 16260?
2, 3, 5, 271
What are the prime factors of 1231?
1231
What are the prime factors of 18367?
18367
List the prime factors of 1577.
19, 83
What are the prime factors of 158142?
2, 3, 26357
What are the prime factors of 1536?
2, 3
What are the prime factors of 854?
2, 7, 61
What are the prime factors of 29362?
2, 53, 277
List the prime factors of 19397.
7, 17, 163
What are the prime factors of 133613?
53, 2521
What are the prime factors of 62795?
5, 19, 661
List the prime factors of 28515.
3, 5, 1901
List the prime factors of 8658.
2, 3, 13, 37
What are the prime factors of 484?
2, 11
List the prime factors of 15059.
11, 37
List the prime factors of 790.
2, 5, 79
What are the prime factors of 85704?
2, 3, 3571
List the prime factors of 1019.
1019
What are the prime factors of 18767?
7, 383
What are the prime factors of 976?
2, 61
What are the prime factors of 19365?
3, 5, 1291
What are the prime factors of 407?
11, 37
List the prime factors of 3324.
2, 3, 277
What are the prime factors of 63967?
47, 1361
What are the prime factors of 138878?
2, 69439
What are the prime factors of 1433?
1433
What are the prime factors of 92342?
2, 46171
What are the prime factors of 29611?
29611
List the prime factors of 742.
2, 7, 53
What are the prime factors of 690?
2, 3, 5, 23
List the prime factors of 12608.
2, 197
What are the prime factors of 26972?
2, 11, 613
List the prime factors of 103710.
2, 3, 5, 3457
List the prime factors of 7030.
2, 5, 19, 37
What are the prime factors of 100?
2, 5
What are the prime factors of 3691?
3691
What are the prime factors of 82043?
13, 6311
List the prime factors of 14440.
2, 5, 19
List the prime factors of 2730.
2, 3, 5, 7, 13
List the prime factors of 2342.
2, 1171
What are the prime factors of 44312?
2, 29, 191
List the prime factors of 14363.
53, 271
List the prime factors of 7790.
2, 5, 19, 41
List the prime factors of 12567.
3, 59, 71
List the prime factors of 50218.
2, 7, 17, 211
What are the prime factors of 140218?
2, 13, 5393
List the prime factors of 2592.
2, 3
What are the prime factors of 6025?
5, 241
What are the prime factors of 21154?
2, 7, 1511
What are the prime factors of 6087?
3, 2029
What are the prime factors of 2552?
2, 11, 29
What are the prime factors of 15216?
2, 3, 317
What are the prime factors of 21557?
21557
What are the prime factors of 18467?
59, 313
What are the prime factors of 3206?
2, 7, 229
List the prime factors of 29881.
29881
What are the prime factors of 315?
3, 5, 7
What are the prime factors of 2912?
2, 7, 13
What are the prime factors of 63666?
2, 3, 131
What are the prime factors of 1341?
3, 149
What are the prime factors of 1985?
5, 397
List the prime factors of 312.
2, 3, 13
What are the prime factors of 1561?
7, 223
List the prime factors of 799.
17, 47
List the prime factors of 36244.
2, 13, 17, 41
What are the prime factors of 9101?
19, 479
What are the prime factors of 112784?
2, 7, 19, 53
List the prime factors of 3180.
2, 3, 5, 53
What are the prime factors of 1205?
5, 241
List the prime factors of 845.
5, 13
List the prime factors of 3369.
3, 1123
What are the prime factors of 4537?
13, 349
List the prime factors of 1393.
7, 199
What are the prime factors of 1722?
2, 3, 7, 41
What are the prime factors of 191732?
2, 47933
What are the prime factors of 1148?
2, 7, 41
List the prime factors of 8824.
2, 1103
List the prime factors of 74591.
11, 6781
List the prime factors of 736.
2, 23
What are the prime factors of 229?
229
List the prime factors of 24307.
109, 223
List the prime factors of 11005.
5, 31, 71
What are the prime factors of 76672?
2, 599
List the prime factors of 33363.
3, 11, 337
What are the prime factors of 519?
3, 173
List the prime factors of 3459.
3, 1153
List the prime factors of 99882.
2, 3, 31, 179
List the prime factors of 10756.
2, 2689
What are the prime factors of 61890?
2, 3, 5, 2063
What are the prime factors of 12975?
3, 5, 173
What are the prime factors of 920?
2, 5, 23
List the prime factors of 5588.
2, 11, 127
List the prime factors of 686.
2, 7
What are the prime factors of 7026?
2, 3, 1171
List the prime factors of 8305.
5, 11, 151
List the prime factors of 1697.
1697
List the prime factors of 7970.
2, 5, 797
What are the prime factors of 23102?
2, 11551
List the prime factors of 26845.
5, 7, 13, 59
List the prime factors of 8911.
7, 19, 67
What are the prime factors of 2550?
2, 3, 5, 17
What are the prime factors of 13602?
2, 3, 2267
List the prime factors of 7509.
3, 2503
List the prime factors of 6439.
47, 137
List the prime factors of 112147.
7, 37, 433
List the prime factors of 2218.
2, 1109
What are the prime factors of 11355?
3, 5, 757
List the prime factors of 504.
2, 3, 7
List the prime factors of 812.
2, 7, 29
What are the prime factors of 1245?
3, 5, 83
What are the prime factors of 101072?
2, 6317
List the prime factors of 103695.
3, 5, 31, 223
What are the prime factor